divisor of 190302 and 204486?
1182
What is the highest common factor of 4757619 and 736?
23
Calculate the highest common factor of 7383120 and 640.
80
What is the highest common divisor of 18746233 and 11?
11
Calculate the highest common factor of 50 and 116995.
5
What is the greatest common divisor of 1530 and 29849535?
765
Calculate the highest common divisor of 15156632 and 368.
184
What is the greatest common factor of 282228 and 273876?
348
What is the greatest common factor of 380 and 2809055?
95
What is the highest common factor of 43160 and 3380175?
415
What is the highest common divisor of 518 and 23347666?
74
Calculate the highest common factor of 1385 and 5496511.
277
Calculate the highest common factor of 69121 and 3442144.
409
Calculate the highest common factor of 19985304 and 96.
24
Calculate the highest common factor of 1425031 and 58.
29
What is the highest common divisor of 15 and 2267629200?
15
Calculate the greatest common divisor of 29390085 and 45.
45
Calculate the greatest common divisor of 22612 and 2620.
4
What is the highest common factor of 46971 and 123512854?
5219
What is the highest common divisor of 4585 and 854474355?
4585
What is the highest common divisor of 139564373 and 221?
221
What is the greatest common factor of 1961136065 and 980?
245
Calculate the highest common factor of 234 and 2410382.
26
What is the greatest common factor of 16592248 and 8?
8
What is the greatest common factor of 2028 and 4130412?
156
What is the greatest common factor of 1675200566 and 466?
466
What is the greatest common divisor of 1000 and 5812750?
250
Calculate the highest common divisor of 7840 and 444388840.
1960
What is the greatest common divisor of 48667 and 473613?
1187
What is the highest common divisor of 1226 and 97780243?
613
Calculate the greatest common divisor of 25654935 and 86811.
4569
What is the greatest common factor of 38637 and 275388?
159
Calculate the greatest common factor of 170 and 470620.
10
Calculate the highest common divisor of 3520 and 50534.
22
What is the highest common factor of 7685 and 146916?
53
What is the highest common divisor of 41363440 and 1360?
80
What is the greatest common divisor of 1029015 and 5?
5
What is the greatest common factor of 3579 and 55979139?
3579
What is the highest common factor of 95953536 and 1467?
1467
What is the greatest common factor of 64398039 and 173?
173
What is the highest common factor of 6129 and 7537989?
681
What is the greatest common factor of 78966 and 2563506?
1926
Calculate the greatest common divisor of 257830988 and 2248.
1124
What is the highest common divisor of 6199088 and 833?
49
What is the highest common divisor of 326510292 and 6?
6
Calculate the highest common factor of 13770 and 567570.
30
Calculate the greatest common divisor of 3934716 and 4716.
1572
Calculate the highest common factor of 207 and 10496349.
207
Calculate the greatest common divisor of 1033068 and 5428.
92
Calculate the highest common divisor of 45360 and 68320.
560
What is the highest common factor of 2112 and 10064832?
192
Calculate the highest common factor of 188090 and 297500.
70
What is the greatest common divisor of 1198374 and 6378?
6
What is the greatest common divisor of 2693789 and 84?
7
Calculate the highest common factor of 101135 and 645.
5
What is the greatest common divisor of 6 and 64298?
2
Calculate the greatest common divisor of 19311 and 445752.
123
What is the highest common factor of 13781707 and 4066?
2033
Calculate the highest common divisor of 152564725 and 75.
25
Calculate the highest common factor of 24892 and 3919601.
889
Calculate the highest common divisor of 294281 and 9178.
13
What is the greatest common factor of 44560659 and 3861?
429
What is the greatest common divisor of 24763713 and 4182?
2091
What is the highest common factor of 2482 and 3397858?
2482
Calculate the greatest common divisor of 1214010 and 1470.
210
What is the greatest common factor of 455437878 and 2982?
2982
What is the greatest common divisor of 30 and 25898364?
6
What is the highest common factor of 112 and 327978?
14
What is the highest common divisor of 45022267 and 38?
19
What is the greatest common divisor of 137350 and 9800?
50
What is the greatest common divisor of 271600 and 53172?
28
What is the highest common divisor of 11422108 and 3252?
1084
Calculate the highest common divisor of 235 and 17396350.
5
Calculate the greatest common factor of 4959 and 41444073.
171
Calculate the highest common divisor of 221386 and 10494.
22
Calculate the highest common factor of 18160 and 22920.
40
Calculate the greatest common divisor of 178240900 and 17100.
1900
What is the highest common factor of 27439643 and 297?
11
What is the highest common divisor of 21299250 and 126?
42
What is the highest common divisor of 56 and 237984488?
56
Calculate the greatest common divisor of 106578 and 8742.
186
Calculate the greatest common factor of 1513576 and 3.
1
What is the highest common divisor of 22211 and 3864?
7
What is the highest common factor of 350 and 2322670?
70
Calculate the highest common divisor of 360492692 and 112.
28
Calculate the highest common divisor of 12958 and 2478512.
1178
What is the highest common divisor of 12262450 and 5750?
1150
What is the greatest common factor of 37975 and 3025?
25
Calculate the greatest common divisor of 142074 and 397872.
162
What is the highest common divisor of 743280 and 130?
10
What is the highest common divisor of 6305046 and 7326?
66
Calculate the greatest common factor of 8710 and 35230.
130
What is the highest common factor of 54607257 and 135?
27
Calculate the highest common divisor of 8893932 and 13692.
1956
Calculate the highest common factor of 1154 and 235991269.
577
Calculate the greatest common divisor of 135488 and 7540.
116
Calculate the greatest common divisor of 4086564 and 348.
348
What is the greatest common divisor of 26471232 and 2016?
288
What is the greatest common divisor of 948755 and 410107?
6121
Calculate the highest common factor of 23 and 237759303.
23
Calculate the highest common divisor of 7452 and 1128654.
162
What is the greatest common factor of 1262202 and 662118?
1266
What is the greatest common divisor of 3387 and 160682667?
3387
Calculate the greatest common divisor of 52643 and 4514.
61
What is the highest common factor of 4223 and 3408617?
41
Calculate the highest common factor of 90300 and 6180.
60
What is the greatest common factor of 90 and 9319203?
9
What is the greatest common divisor of 743622 and 189354?
1254
Calculate the greatest common factor of 223716783 and 2433.
2433
Calculate the highest common factor of 104 and 61660807.
13
Calculate the greatest common factor of 3715614 and 5250.
42
Calculate the highest common factor of 85347 and 1153359.
783
What is the greatest common divisor of 2816 and 4246?
22
Calculate the greatest common divisor of 537375831 and 51.
51
Calculate the highest common divisor of 110785 and 3115.
5
What is the highest common divisor of 14022 and 1733562?
738
What is the highest common divisor of 1547240805 and 540?
135
What is the highest common divisor of 66845 and 32334540?
2305
What is the greatest common factor of 15850408 and 7448?
1064
Calculate the greatest common divisor of 5193410 and 5797490.
8390
What is the greatest common factor of 6691200 and 96832?
1088
What is the highest common factor of 6411314 and 377?
13
Calculate the highest common factor of 5103 and 4047015.
21
What is the greatest common divisor of 3 and 5133042?
3
What is the highest common divisor of 1196563620 and 10188?
3396
What is the highest common factor of 3296936 and 3752?
536
Calculate the greatest common factor of 7108354 and 8536.
2134
Calculate the highest common factor of 6 and 160272987.
3
What is the highest common divisor of 60 and 12020532?
12
What is the greatest common divisor of 206317 and 39553?
1069
Calculate the highest common divisor of 1238409 and 189.
27
Calculate the greatest common factor of 23643545 and 100.
5
Calculate the highest common factor of 360136 and 1522948.
3052
Calculate the greatest common divisor of 559997 and 2227.
17
What is the highest common factor of 120505 and 112993?
313
What is the highest common divisor of 2687625 and 792?
9
